7
Suppose -j + 6 = 2*j. Let l(z) = 4 + 2*z - 3 - 2*z**j + 2. Let g = 9 - 6. Determine l(g).
-9
Let n be 2/7 - 48/(-28). Suppose -s - g = 4, -9 = n*s + g - 0*g. Let l(a) = 4*a**2 - 43*a - 7. Let r(c) = c**2 - 8*c - 2. Let x(w) = l(w) - 5*r(w). Give x(s).
-7
Let u(b) = -5*b**2 - b. Let r be (-3)/(21/(-35)) - 7. Let d(v) = 3*v. Let z(f) = f + 1. Let l(x) = -d(x) + 5*z(x). Let i be l(r). Give u(i).
-6
Let d(r) = -65*r - 5. Let c(g) = -65*g + 1. Let n(b) = 2*c(b) - 3*d(b). Let w(a) = 22*a + 6. Let s(m) = -4*n(m) + 11*w(m). Give s(-1).
16
Let n(x) be the second derivative of -x**7/420 - x**6/360 + x**5/60 + x**4/4 + x**2/2 - 87*x. Let f(o) be the third derivative of n(o). Give f(1).
-6
Let m(o) be the first derivative of -o**6/360 - 5*o**3/3 - 4*o + 66. Let u(q) be the third derivative of m(q). Give u(0).
0
Suppose -45*m + 46*m - 3*y = 13, 5*m + 20 = -2*y. Let k(x) = -2*x**3 - 3*x**2 - 2*x + 4. Determine k(m).
12
Let b = -1046 + 1049. Let f(a) = 2*a - 2. Let t be f(4). Let x(w) = -w - t + b - 1 + 12*w**2 + 5. What is x(1)?
12
Let j(x) = x + 10. Let q be j(-4). Suppose -3*a = -q*a + 27. Let l be a/(-3)*((-40)/(-3))/5. Let z(b) = 2*b + 11. Give z(l).
-5
Let k(h) = h - 2. Let t be k(6). Suppose 8*b = t*b + 20. Let i(m) be the second derivative of m**5/20 - m**4/3 - m**3/2 + m**2/2 + 2*m. What is i(b)?
11
Let d(x) be the second derivative of -x**6/120 - x**5/30 + x**4/24 - x**3/6 + 8*x**2 + 45*x. Let q(r) be the second derivative of d(r). Determine q(3).
-38
Let m(z) = -z + 3. Let a be 0/(4/2 + -1). Suppose a = -x - 1 - 2. Let r be 4/(-6)*36/x. Calculate m(r).
-5
Suppose 3*y + 756 = 765. Suppose 0 = y*i + 3*v + 6, -3*i + v - 2*v - 6 = 0. Let c(q) = 19*q - 2. Calculate c(i).
-40
Let y(f) = -2*f + 2. Suppose 0 = 5*w + 3*u + 16, w + 2*u - 4 = 5*u. Let p be 9/(45/(-20))*1/w. Calculate y(p).
-2
Suppose 2*x + 0*x - 1 = r, -3*x - r = 11. Let k be (-2 - 4)*x/(-3). Let t(u) = u**3 + 29 - 5 + 4*u**2 - 25. What is t(k)?
-1
Let x(m) = -3*m**2 + m + 2. Suppose 4*y - y + 7 = 5*q, -4*y + 3*q - 2 = 0. Let a(u) = 15*u**2 - 8*u - 4. Let p(v) = y*a(v) + 4*x(v). Calculate p(2).
8
Let y(l) = -l - 41. Let i be (405/25 - 16)*0. Determine y(i).
-41
Let x(p) = 2*p**2 - p. Let t be x(-1). Suppose t*w = 5*w - 186. Let a = w - 88. Let g(y) = -y**2 + 5*y - 3. Calculate g(a).
-3
Let u(m) = 4*m**3 - 10*m**2 + m + 7. Let c(l) = 11*l**3 - 30*l**2 + 2*l + 22. Let j(s) = -3*c(s) + 8*u(s). Let y be -11 + (-2583)/82*2/(-3). Calculate j(y).
10
Let x(h) be the first derivative of h**3/3 + h**2/2 - 1. Suppose 118*l + 717 = 9. Let n(m) = m**3 + m**2 + 5. Let a(j) = l*x(j) + n(j). What is a(6)?
5
Suppose -67*n - 114 = -1186. Let t(y) be the first derivative of 1/2*y**2 + n - 14*y. What is t(8)?
-6
Let l(g) be the first derivative of g**2/2 + g - 11. Suppose -2*k - 4 = -2*h, -k = -0*k - 5*h + 22. Suppose 0 = 4*q + 16, k*q = -u + q - 12. What is l(u)?
-3
Let g(m) = 34*m + 11. Let q(y) = -39*y - 17. Let d(t) = 10*g(t) + 9*q(t). Determine d(0).
-43
Let k(p) = p**2 + 13*p + 18. Let v(m) = 404*m + 396*m - 801*m - 7*m**3 - 4*m**3. Let l be v(1). Give k(l).
6
Suppose 81 = 10*q - 7*q + 5*n, -5*n + 37 = q. Let t(j) = -3*j + 80. Determine t(q).
14
Let l(b) be the second derivative of b**5/10 + 11*b**4/12 + 13*b**3/6 + b**2/2 - 1904*b. Give l(-4).
-3
Let s(n) = -4*n**3 + n**2 + n + 1. Suppose 10 = -5*r + 145. Suppose 29*z = r*z + 4. Suppose -z*f = 3*f + 5. What is s(f)?
5
Let g(r) = -r**3 - 3*r**2 + 7*r - 9. Let x be g(-5). Let l be (11 + -12)/((-1)/x). Let u(d) = -2*d - 8 + 8*d + d**3 - 7*d**2 + 12. What is u(l)?
4
Let i(y) = 5*y**2 + y + 1. Let v(p) = -11*p**2 - 2*p - 2. Let t(k) = -9*i(k) - 4*v(k). Suppose -10 = 5*q - d, 4*q - 304*d + 300*d = 8. Determine t(q).
-7
Let y(g) = -g**3 + 10*g**2 + g - 2. Let p(j) = -6993*j**3 - 1 + 2*j**2 + 3493*j**3 + 3499*j**3. Let n(b) = 4*p(b) - y(b). Calculate n(-2).
16
Let g = 12474 + -12460. Let k(x) = -2*x**3 + 28*x**2 + 2*x - 22. Calculate k(g).
6
Let y(z) = -52*z + 10. Suppose u + 4 = -2*w, -412*u - 8 = -3*w - 410*u. What is y(w)?
10
Let u(p) = 28*p - 203. Let m be u(7). Let t(v) = 9*v. Determine t(m).
-63
Let d(i) be the first derivative of -3*i**4/4 - 164*i**3/3 + 53*i**2/2 - 115*i + 2490. Determine d(-55).
-5
Suppose -2*x = -2*q + 3*x + 116, x + 100 = 2*q. Suppose -5*w - 93 = -q. Let b be (-10)/5*w/(-6). Let p(l) = -l**3 - 2*l**2 - l. Give p(b).
12
Let f(a) = 8*a - 124. Let w be f(16). Let c(b) = -w*b - 1 + 5*b + 0 + 2*b. Calculate c(1).
2
Suppose 2*v - 134 = 3*y, 5*y = v - 0*y - 53. Suppose -v*p + 20 = -71*p. Let a(l) = -l**3 + 9*l**2 + 11*l - 14. Determine a(p).
-4
Let h(d) = 3*d + 14. Let s = 5332 - 5338. Give h(s).
-4
Let x(c) = 4 - 12 + 2 + 2 + 0*c + 2*c. Let v be ((-1 + -2)/3)/(1/(-4)). Let g be (v/(-1)*-1)/(7/(-14)). Determine x(g).
-20
Suppose 2*p + 10 = 4*l, -59*l - 4*p + 34 = -58*l. Let g(b) = b**3 - 5*b**2 - 4*b - 9. What is g(l)?
3
Let j = 730 - 691. Let v(r) = -j + 11*r - 9*r + 37. Give v(3).
4
Let i(m) be the second derivative of 1 + 3/2*m**2 - 1/6*m**3 - 40*m. Determine i(0).
3
Suppose -3*g + g + 6 = -2*p, -3*p - 11 = -4*g. Let k(d) be the first derivative of 10*d + g*d**2 + 4 - 2*d - 2*d - 8*d. What is k(2)?
6
Suppose 10*p - 18 = 8*p, -p + 17 = -8*j. Let y(c) = 15*c**2 - 9*c + 4. Let r(l) = 7*l**2 - 4*l + 2. Let t(g) = 13*r(g) - 6*y(g). Give t(j).
1
Let i(m) = -5*m - 36. Let f(p) = 4*p + 30. Let y(x) = 6*f(x) + 5*i(x). Let q(s) = s**3 + 6*s**2 - s. Let c be q(-6). Suppose 3*h - c = -15. Determine y(h).
3
Let n(t) = t**2 + 22*t - 90. Let w(i) = 18. Let k(j) = n(j) + 5*w(j). Calculate k(-18).
-72
Let h(y) = y - 6. Let d be (4/(-3))/((-8)/(-180)*5). Let v(o) = o - 7. Let b(k) = d*h(k) + 5*v(k). What is b(3)?
-2
Let o(s) = -245*s**2 + 196*s + 249*s**2 - 194*s - 3. Let h be 1 - (8/4 + -3). Calculate o(h).
17
Suppose -69*z - 87 = -98*z. Let w(x) = -x**3 + 9*x**2 - 20*x + 4. Calculate w(z).
-2
Let f(d) = -14 - 73*d - 67*d + 139*d. Let q(m) = m - 2. Let t = 38 - 46. Let i be q(t). Calculate f(i).
-4
Let g(l) be the third derivative of 7*l**4/24 - 31*l**3/6 + l**2 + 9*l. Give g(13).
60
Let u(l) = 66*l**2 + 15*l + 20. Let x(o) = 38*o**2 + 9*o + 12. Let p(c) = -7*u(c) + 12*x(c). Give p(2).
-14
Let w(l) = 10*l - 21. Let q(z) = -3*z - 4. Let s(u) = -6*q(u) + w(u). Determine s(-1).
-25
Let j be (-24)/3 + 2/2. Let v(k) = -6*k - 468. Let a(s) = -5*s - 352. Let b(x) = 4*a(x) - 3*v(x). Give b(j).
10
Let x(b) = 4*b - 21. Let i be x(5). Let n be (-4 - 4/2) + (i - -3). Let u(k) be the first derivative of -k**3/3 - 3*k**2/2 - 5*k - 33. What is u(n)?
-9
Let r be (-13 - 1)*22/(-77). Let d(q) = 5 + r - q**2 - 5*q - 17 + 5. What is d(-3)?
3
Let z(x) be the third derivative of x**6/120 + 17*x**5/20 + x**4/12 + 14*x**3 - 493*x**2 - 2*x - 2. Give z(-51).
-18
Let v(k) = -k**3 + 7*k**2 - k + 19. Let t be ((-61)/(-26) + (-130)/(-845))*24/10. What is v(t)?
49
Suppose -8*o = -11 - 5. Let p(l) = 170*l - 3 - l**o - 5 - 182*l. Determine p(-11).
3
Let p(d) be the first derivative of d**2/2 - d + 5. Suppose -71*f - 14 = -73*f. Suppose -f*n + 8 + 41 = 0. What is p(n)?
6
Let y(o) = -o. Suppose -2*u - 38 = -3*a, -6*a + 36 = -2*a + u. Let k be (11 - -1)*((-39)/(-4) - a). Calculate y(k).
3
Let k(m) = -11*m - 25. Let r be ((-3)/3 + (-5)/(-3))/((-249)/747). Give k(r).
-3
Let p(n) = -11*n + 81. Suppose -a - 2*f = -14, 15*a + 3*f = 17*a - 7. What is p(a)?
-7
Let s be (-42 - -37) + (-1)/(2/(-22)). Suppose -4 = -5*i - 4*l, i = -s*l + l - 16. Let j(p) be the third derivative of p**4/8 + 2*p**3/3 + 2*p**2. What is j(i)?
16
Let g(q) = 2*q - 8. Let h = 523 + -493. Suppose 46*j = 52*j - h. Determine g(j).
2
Let f(o) = 338550 - 338346 + 16*o + 4*o. Calculate f(-10).
4
Let l(w) = -4*w**3 - w**2 - 2. Let f = 7 + 4. Let k(v) = -v**2 + 7*v + 46. Let d be k(f). Calculate l(d).
-38
Let j(i) = -373 + 68*i + 171 + 205. What is j(1)?
71
Let x(g) = -27*g + 5. Let q = -1048 + 1045. What is x(q)?
86
Let u(f) be the third derivative of -f**5/24 - f**3/3 + 2*f**2 + 2*f. Let n(r) be the first derivative of u(r). Let v be ((-2)/6)/(3/(-9)). Give n(v).
-5
Let t be ((-12)/9)/(102/(-18) + 6). Let i be -4 - (t - (-1 + -1)). Let n(u) = u**2 + 5*u + 3. What is n(i)?
-3
Let p(m) = -m**3 + 10*m**2 - 25*m - 54. Let j(i) = -i**3 + 11*i**2 - 31*i - 56. Let h(z) = 5*j(z) - 6*p(z). Determine h(3).
11
Let c(j) = j**3 + 2*j**2